+ 2 + 4603/4 a prime number?
True
Let j(m) be the second derivative of m**4/3 + m**3/3 + 11*m**2/2 - m + 13. Is j(-8) a composite number?
False
Let r = -12115 + 17738. Is r composite?
False
Suppose -v - 1 = 0, -105206 = 26*u - 27*u - 3*v. Is u composite?
True
Is -59 - -62 - 3058/(-1) a prime number?
True
Let c = 26 + -10. Suppose -c = -5*v + 9. Suppose -2*q = -v*d + q + 2370, d + q = 466. Is d a prime number?
False
Let l(g) = -g**3 + 5*g**2 - 4*g + 3. Let x be l(4). Suppose 8 - 87 = 4*a - x*j, j - 5 = 0. Let i(v) = -3*v + 21. Is i(a) composite?
True
Suppose -5*w + 4*w = -4*l - 7728, 4*l + 7704 = -5*w. Let q = 3018 + l. Is q a composite number?
False
Let p(k) = k - 1. Let f be p(3). Suppose f*v = -v + 438. Let u = v + 161. Is u prime?
True
Suppose -349 + 29 = -5*l + 2*u, 2*l = -5*u + 99. Let a = 247 - l. Is a composite?
True
Let y = -10 + 9. Let g(p) = -366*p**3 + p**2 - p - 1. Is g(y) a prime number?
True
Suppose -67*d + 72*d = 17290. Suppose -h - 1150 = -v, -3*v - 2*h + d = 3*h. Is v a composite number?
False
Let w be -2*3/4*2. Let i(p) = -4*p**2 + 3*p + 14. Let b(v) = -9*v**2 + 6*v + 37. Let q(l) = 2*b(l) - 5*i(l). Is q(w) a prime number?
True
Let z(l) = 270*l - 1. Let p be 3/2*(4 - 30/9). Is z(p) a prime number?
True
Is (1/1)/(17/26503) composite?
False
Let i = 65 - 35. Is 66/(-4)*i/(-9) composite?
True
Let m(n) = n**3 + n**2 - 7*n + 3. Suppose 0*v = -3*h + 5*v + 20, 3*h = 4*v + 19. Is m(h) a composite number?
True
Suppose 0 = -19*c + 75328 + 363439. Is c prime?
False
Let m(v) = v**2 + 15*v + 20. Let r be m(-16). Let f(s) = -3*s**2 + 7*s**2 - r + 15*s + 47. Is f(-12) composite?
True
Suppose -5*n + 35364 = -3*h + 2585, -2*h = -2*n + 13110. Is n a prime number?
False
Is ((-1)/(-3))/((-61)/(-1458327)) a composite number?
True
Suppose 0 = -t + 2 + 3. Suppose -t*w = -3*r - 19, 0 = -3*w + 2*r + 8 + 4. Suppose w*b - 654 - 152 = 0. Is b prime?
False
Let y = 28 + -48. Is (-1 - 1)/(y/12770) a prime number?
True
Suppose -40108 = -14*f - 10442. Is f a composite number?
True
Let l(f) = 2*f**2 - f. Let s be l(1). Let a be s*(2 - 0)/(-1). Is a/8 + 2261/4 composite?
True
Let y(v) = 2637*v. Let z be y(1). Suppose -3 = -5*o - 13. Is 1/(o - z/(-1317)) a prime number?
True
Suppose 4*f = 3*u + 14, -3*u - 4 = -5*f + 12. Let m(i) = i**3 + 4*i**2 + 3. Let v be m(-4). Is v/f*(-464)/(-12) a prime number?
False
Suppose 0 = -3*r + l + 76, -2*l - 108 = -4*r + l. Suppose 3*o = r - 9. Suppose 2*d = o*d - 5901. Is d a composite number?
True
Let h(g) = g**2 - 8*g - 2. Let j be h(8). Let a = -74 + 235. Is 2 + 2 + j + a a composite number?
False
Let s be 342/(-9) + -1 + -2 + 1. Let b be 8/12*(1 + -10). Is 3 + s/b*3 a prime number?
True
Suppose 3*f = -4*f - 112. Let z(m) = 12 + 2 + 3*m**3 - 16*m + 15*m**2 - 2*m**3. Is z(f) composite?
True
Let g be (-2318)/(-8) - (-6)/24. Suppose g = -7*h + 9*h. Let t = h + -98. Is t a composite number?
False
Let a(k) = -1559*k + 9. Is a(-4) a composite number?
True
Suppose 0 = -j + 5*j - 24. Suppose 154*n + 8 = 158*n. Suppose u = -n*g + 448, 3*g + u = j*u + 659. Is g a prime number?
True
Is 14/77 - 9535050/(-198) a prime number?
True
Suppose -6*p + 4*n + 75639 = -3*p, -3*p = -n - 75639. Is p composite?
True
Let i(a) = -a**3 + 4*a**2 - 5*a + 2. Let t be i(2). Suppose -7*u + u + 30 = t. Is 10260/50 - 1/u a composite number?
True
Let h be 1876/((-2)/(-1)) + 0. Let o = -2091 + 3918. Let u = o - h. Is u a composite number?
True
Let k(g) be the second derivative of -g**5/20 + 5*g**4/6 + 2*g**2 - 5*g. Let h be k(10). Suppose 7 + 1 = -h*w, 0 = 2*l - 3*w - 200. Is l composite?
False
Let t(u) = -100*u + 3. Suppose -3 = 3*o, 0*a + 3*a = 2*o + 2. Let p be -9 - -9 - (2 - a). Is t(p) composite?
True
Suppose -175163 - 36450 = -29*z. Is z prime?
True
Let k = -3508 + -1234. Is -2*(k/4 - (-4 + 4)) a composite number?
False
Let g(t) = t + 14. Let w = 13 + -23. Let r be g(w). Suppose r*h - 39 = 101. Is h prime?
False
Let l(m) = 6 - 44*m**3 + m**2 - 2*m - 10 - m + m**2. Is l(-3) prime?
False
Let t = -60 - 590. Let i = 1118 + t. Let x = i + -249. Is x a prime number?
False
Let c be 2 - (6 - 2) - -6. Suppose 0 = -8*n + 17*n. Suppose -1924 = -c*z - n*z. Is z a prime number?
False
Let m = -252 + 1334. Is m composite?
True
Let l(z) = -z + 13. Let x be l(8). Suppose c + 1588 = x*c. Is c prime?
True
Is (9/((-162)/33510))/(7/(-21)) a composite number?
True
Let u(f) = -6*f**3 - 5*f**2 - 4*f - 3. Let h = -20 + 16. Is u(h) a composite number?
False
Suppose -6*s - 1593 = -4*r - s, 5*r = 5*s + 1990. Is r composite?
False
Suppose b - 3*b = -4. Suppose -3*l = k + 19, l - 5 = 2*k - b. Is (-3)/5 - 1598/l composite?
True
Let i(p) = 5*p - 1. Let r(g) = 50*g - 4. Let x(j) = -12*i(j) + r(j). Let z be (22/(-8))/(1/4). Is x(z) prime?
False
Suppose 38 = -4*u + 26. Is (1/(u/(-38)))/(6/1233) a composite number?
True
Is (-11)/(-110)*22355 - 6/(-4) a composite number?
False
Suppose -4*t = -12, -u + 5*t - 7 = 128. Let c = -246 + 161. Let f = c - u. Is f a prime number?
False
Let i be ((-411)/(-18)*-2)/(5/555). Let n = i + 9486. Is n composite?
True
Let b = -85 - -88. Suppose 3*u - 1614 = -b*x, u + 2672 = x + 4*x. Is x prime?
False
Is (-11 - (-44327 + 10)) + -13 a composite number?
False
Let t = -793 - 244. Let n = 2382 + t. Is n a prime number?
False
Suppose 29*z - 26*z = -3*d + 3801, -d + 6319 = 5*z. Is z a composite number?
True
Suppose -14*k + 9*k - 30 = 0. Is 33*5 - 0 - (k - -5) a composite number?
True
Suppose -4*d + 3*d + 2*b = -1016, b = -5*d + 5025. Is d composite?
True
Let b be 6 - (-1 - (-1 + -3)). Let z(k) = 10*k**3 - k**2 + k - 1. Is z(b) prime?
True
Suppose 5*y - 2*y - 6 = 0. Let n be (-6)/(-10)*((-70)/10 + 12). Suppose n*f + u - y*u = 602, -f + 182 = -5*u. Is f a composite number?
True
Suppose -b + 91 = r, -2*r + 275 = 3*b - r. Is (70/(-20))/((-2)/b) composite?
True
Let d(i) = 39*i + 35. Is d(4) composite?
False
Is ((-43142)/44)/((-2)/4) prime?
False
Let k be 6/(-12)*1*-6. Suppose k*x + 5*r - 7 = 0, 5*x + 0*x - 3*r = 23. Suppose j = x*d + 289, -5*d - 186 = -j + 102. Is j a composite number?
False
Let r = 101 + 2. Let p = 40 + r. Is p prime?
False
Suppose -53 = -4*d + i + 2*i, 0 = 2*d - i - 25. Let r = d + -7. Suppose -2*f + 365 = 5*q, r*f - 28 - 713 = q. Is f composite?
True
Let z(g) = 1336*g**2 + 11*g + 43. Is z(-6) a prime number?
True
Let n(c) = -23*c**3 + c - 1. Let p be n(-2). Let h(o) = -27*o**3 + 2*o**2 - 2*o + 4. Let v be h(-3). Suppose 2*k - v = p. Is k a prime number?
False
Let b(n) = 14*n - 13. Let l be b(-4). Let u = 188 + l. Is u composite?
True
Is ((-210)/(-525))/(2/32645) prime?
True
Suppose -9*j + 157206 = 59727. Is j a prime number?
True
Let o = 28438 - 9699. Is o a composite number?
True
Let w(u) = 3*u**2 + 106*u + 72. Is w(29) a composite number?
False
Let y = -3 + 8. Suppose 118 = y*t - 3*t. Is t a composite number?
False
Let m(f) = 125*f**2 - 1. Let h be m(-1). Let s be ((-292)/6)/((-12)/(-18)). Let a = h + s. Is a composite?
True
Suppose -4 = g - 5*g, 0 = -5*c + g - 42206. Let w = -5422 - c. Is w a prime number?
True
Suppose -39899 = -5*g - 3*c, -4*c + 31903 = 4*g - 7*c. Is g a composite number?
True
Suppose 0 = -4*u + 4*s + 58044, u + 7*s = 2*s + 14523. Is u prime?
False
Let k(r) = -3095*r + 191. Is k(-4) a prime number?
False
Suppose -14 = 3*b - 5. Let r be 1/b*(-4 - 1295). Let a = 852 - r. Is a a composite number?
False
Suppose -b + 5*a = -28, 5*b + 2*a = -0*a + 32. Suppose -5*j - 4*f + 2 = b, 2*f = -8. Is j prime?
True
Suppose 4*h + 2229 = 509. Is (h/(-15))/(8/(-36)*-1) a prime number?
False
Let m(z) be the second derivative of 80*z**3/3 - 33*z**2/2 + 13*z. Is m(7) a prime number?
True
Suppose -3*f = -f - 1126. Is f a composite number?
False
Suppose -i = -2*c - c - 310, -4*c = 4*i - 1272. Is (-2)/(4/i*-2 + 0) composite?
False
Let p = 20 + -20. Suppose b - 4 + 2 = p. Suppose -5*d = -5*z - 445, z + b*z = 6. Is d a composite number?
True
Let u(i) = 18384*i - 91. Is u(2) a composite number?
False
Suppose l + 5*r = 27, -13 = -5*r + 7. Let k(g) = -g**3 + 6*g**2 + 9*g + 3. Let y(q) = -q**3 + 7*q**2 + 8*q + 3. Let j(n) = -3*k(n) + 4*y(n). Is j(l) prime?
False
Suppose 26 = -0*v + 4*v - i, -i + 23 = 3*v. Suppose -4*g = 1 + v. Let f(l) = -10*l + 2. Is f(g) a prime number?
False
Let u = -2636 + 4795. Let l = 5740 - u. Is l prime?
True
Suppose 0*c = 9*c + 711.